240 and 8.
8
Calculate the greatest common divisor of 91 and 273.
91
What is the greatest common divisor of 651 and 210?
21
What is the greatest common divisor of 290 and 2?
2
What is the greatest common divisor of 32 and 1328?
16
What is the highest common divisor of 148 and 8436?
148
What is the highest common divisor of 60 and 72?
12
What is the highest common divisor of 931 and 19?
19
Calculate the highest common divisor of 2780 and 40.
20
What is the highest common factor of 276 and 36?
12
Calculate the highest common divisor of 25 and 48275.
25
What is the greatest common factor of 72 and 72?
72
What is the greatest common divisor of 190 and 722?
38
Calculate the highest common divisor of 9548 and 21.
7
Calculate the greatest common divisor of 528 and 144.
48
What is the highest common divisor of 84 and 147?
21
What is the greatest common factor of 25 and 60?
5
What is the highest common divisor of 9 and 2?
1
Calculate the highest common divisor of 87 and 7627.
29
Calculate the greatest common factor of 27 and 783.
27
What is the greatest common divisor of 187 and 3502?
17
What is the greatest common divisor of 14945 and 49?
49
Calculate the greatest common divisor of 512 and 192.
64
What is the highest common divisor of 54304 and 32?
32
Calculate the highest common divisor of 200 and 75.
25
What is the greatest common factor of 3600 and 60?
60
What is the greatest common factor of 170 and 20?
10
What is the greatest common divisor of 348 and 276?
12
Calculate the greatest common factor of 52 and 2316.
4
Calculate the greatest common factor of 1955 and 115.
115
What is the greatest common divisor of 84 and 2506?
14
Calculate the highest common divisor of 12 and 11772.
12
What is the highest common factor of 488 and 671?
61
Calculate the highest common factor of 120 and 1460.
20
What is the highest common divisor of 12 and 204?
12
Calculate the highest common divisor of 580 and 20.
20
What is the greatest common factor of 36 and 16668?
36
What is the greatest common factor of 5723 and 194?
97
What is the greatest common factor of 2 and 67?
1
Calculate the greatest common divisor of 56 and 11816.
56
Calculate the highest common divisor of 99 and 4587.
33
Calculate the highest common factor of 2816 and 880.
176
What is the greatest common factor of 14 and 9002?
14
What is the highest common factor of 25 and 8275?
25
Calculate the highest common factor of 9 and 15045.
3
What is the greatest common divisor of 242 and 209?
11
Calculate the greatest common factor of 3160 and 40.
40
Calculate the highest common divisor of 1150 and 30.
10
What is the greatest common factor of 2492 and 84?
28
What is the greatest common factor of 745 and 160?
5
Calculate the greatest common divisor of 15 and 678.
3
Calculate the greatest common factor of 516 and 12.
12
Calculate the highest common factor of 460 and 20.
20
What is the greatest common factor of 158 and 1501?
79
Calculate the highest common divisor of 6809 and 88.
11
What is the greatest common divisor of 60 and 204?
12
What is the greatest common divisor of 39 and 1248?
39
Calculate the greatest common divisor of 292 and 1606.
146
What is the greatest common factor of 2669 and 34?
17
What is the greatest common factor of 2080 and 13?
13
What is the greatest common divisor of 10123 and 53?
53
Calculate the highest common factor of 98 and 14.
14
Calculate the greatest common factor of 2 and 278.
2
What is the greatest common factor of 71 and 1207?
71
Calculate the greatest common divisor of 9523 and 89.
89
What is the highest common factor of 10 and 70?
10
Calculate the highest common factor of 369 and 36.
9
Calculate the highest common factor of 105 and 21.
21
Calculate the greatest common divisor of 61384 and 8.
8
Calculate the greatest common divisor of 1808 and 16.
16
Calculate the greatest common factor of 13 and 130.
13
What is the highest common factor of 18 and 1413?
9
Calculate the greatest common divisor of 181 and 12851.
181
What is the greatest common factor of 99 and 154?
11
What is the greatest common divisor of 363 and 231?
33
Calculate the highest common divisor of 54 and 306.
18
What is the greatest common factor of 234 and 7449?
39
What is the greatest common divisor of 23651 and 67?
67
Calculate the greatest common factor of 3136 and 1024.
64
Calculate the highest common factor of 66 and 286.
22
What is the greatest common divisor of 1 and 29?
1
Calculate the highest common divisor of 140 and 20.
20
What is the greatest common factor of 500 and 16?
4
Calculate the greatest common divisor of 9 and 288.
9
Calculate the greatest common factor of 110 and 11.
11
What is the greatest common divisor of 777 and 2664?
111
Calculate the highest common divisor of 7 and 896.
7
What is the highest common divisor of 76 and 3382?
38
Calculate the greatest common factor of 1496 and 88.
88
What is the highest common factor of 24 and 104?
8
Calculate the highest common factor of 981 and 63.
9
Calculate the highest common factor of 3 and 43.
1
What is the highest common factor of 31523 and 58?
29
What is the greatest common divisor of 4862 and 26?
26
What is the greatest common divisor of 2254 and 506?
46
What is the greatest common factor of 432 and 228?
12
Calculate the greatest common divisor of 1 and 79.
1
What is the greatest common factor of 99 and 561?
33
What is the highest common factor of 12 and 354?
6
Calculate the greatest common factor of 274 and 1781.
137
What is the greatest common factor of 6 and 16?
2
What is the highest common divisor of 245 and 640?
5
What is the highest common factor of 3200 and 175?
25
What is the highest common factor of 26 and 1222?
26
Calculate the greatest common factor of 80 and 350.
10
Calculate the greatest common divisor of 558 and 62.
62
What is the greatest common divisor of 2112 and 66?
66
What is the highest common divisor of 8110 and 20?
10
What is the greatest common factor of 17 and 34?
17
Calculate the highest common factor of 1012 and 22.
22
What is the highest common divisor of 88 and 2046?
22
Calculate the greatest common factor of 618 and 48.
6
What is the greatest common divisor of 1235 and 665?
95
Calculate the greatest common divisor of 312 and 48.
24
What is the highest common factor of 25 and 40?
5
Calculate the greatest common divisor of 7857 and 81.
81
What is the greatest common factor of 46 and 10649?
23
Calculate the greatest common divisor of 88 and 16.
8
Calculate the highest common divisor of 115 and 69.
23
What is the greatest common factor of 308 and 518?
14
What is the highest common factor of 129 and 344?
43
What is the greatest common divisor of 432 and 96?
48
What is the highest common divisor of 23 and 115?
23
Calculate the greatest common divisor of 1580 and 160.
20
What is the highest common divisor of 24 and 264?
24
What is the highest common divisor of 750 and 60?
30
What is the greatest common factor of 126 and 6489?
63
Calculate the highest common factor of 29 and 783.
29
Calculate the greatest common factor of 104 and 26.
26
Calculate the highest common divisor of 50 and 80.
10
Calculate the highest common factor of 110 and 2145.
55
Calculate the highest common factor of 2568 and 720.
24
What is the greatest common divisor of 282 and 4418?
94
What is the greatest common divisor of 860 and 60?
20
Calculate the highest common divisor of 295 and 1593.
59
Calculate the greatest common divisor of 2862 and 212.
106
What is the highest common factor of 27 and 783?
27
What is the greatest common factor of 125 and 3475?
25
What is the highest common factor of 2 and 298?
2
What is the greatest common factor of 123 and 205?
41
What is the highest common divisor of 2775 and 525?
75
Calculate the highest common divisor of 992 and 62.
62
Calculate the greatest common divisor of 76398 and 51.
51
What is the highest common factor of 7614 and 188?
94
Calculate the highest common factor of 1197 and 76.
19
What is the greatest common divisor of 68 and 272?
68
Calculate the highest common factor of 2825 and 25.
25
What is the greatest common divisor of 493 and 899?
29
What is the greatest common factor of 602 and 35217?
301
Calculate the highest common divisor of 2147 and 19.
19
What is the highest common divisor of 95 and 1007?
19
